{"id":2019,"date":"2025-08-14T15:05:47","date_gmt":"2025-08-14T15:05:47","guid":{"rendered":"https:\/\/felastec.ch\/?page_id=2019"},"modified":"2025-10-27T09:46:48","modified_gmt":"2025-10-27T09:46:48","slug":"impression","status":"publish","type":"page","link":"https:\/\/felastec.ch\/fr\/impression\/","title":{"rendered":"Protection des donn\u00e9es"},"content":{"rendered":"<p>[et_pb_section fb_built=\u00a0\u00bb1&Prime; custom_padding_last_edited=\u00a0\u00bbon|phone\u00a0\u00bb _builder_version=\u00a0\u00bb4.27.4&Prime; background_color=\u00a0\u00bbRGBA(255,255,255,0)\u00a0\u00bb custom_margin=\u00a0\u00bb60px||0px||false|false\u00a0\u00bb custom_margin_tablet=\u00a0\u00bb-100px||||false|false\u00a0\u00bb custom_margin_phone=\u00a0\u00bb-50px||||false|false\u00a0\u00bb custom_margin_last_edited=\u00a0\u00bboff|desktop\u00a0\u00bb custom_padding=\u00a0\u00bb0px||60px||false|false\u00a0\u00bb custom_padding_tablet=\u00a0\u00bb0px||0px||false|false\u00a0\u00bb custom_padding_phone=\u00a0\u00bb0px||20px||false|false\u00a0\u00bb global_colors_info=\u00a0\u00bb{}\u00a0\u00bb][et_pb_row _builder_version=\u00a0\u00bb4.27.4&Prime; background_size=\u00a0\u00bbinitial\u00a0\u00bb background_position=\u00a0\u00bbtop_left\u00a0\u00bb background_repeat=\u00a0\u00bbrepeat\u00a0\u00bb custom_margin=\u00a0\u00bb40px||50px||false|false\u00a0\u00bb custom_margin_tablet=\u00a0\u00bb40px||40px||false|false\u00a0\u00bb custom_margin_phone=\u00a0\u00bb0px||||false|false\u00a0\u00bb custom_margin_last_edited=\u00a0\u00bbon|phone\u00a0\u00bb custom_padding=\u00a0\u00bb0px||0px||false|false\u00a0\u00bb global_colors_info=\u00a0\u00bb{}\u00a0\u00bb][et_pb_column type=\u00a0\u00bb4_4&Prime; _builder_version=\u00a0\u00bb4.27.4&Prime; custom_padding=\u00a0\u00bb0px|0px|0px|0px|false|false\u00a0\u00bb global_colors_info=\u00a0\u00bb{}\u00a0\u00bb custom_padding__hover=\u00a0\u00bb|||\u00a0\u00bb][et_pb_code _builder_version=\u00a0\u00bb4.27.4&Prime; _module_preset=\u00a0\u00bbdefault\u00a0\u00bb hover_enabled=\u00a0\u00bb0&Prime; sticky_enabled=\u00a0\u00bb0&Prime; custom_margin=\u00a0\u00bb0px||0px||false|false\u00a0\u00bb custom_padding=\u00a0\u00bb0px||0px||false|false\u00a0\u00bb]<!-- [et_pb_line_break_holder] -->[\/et_pb_code][\/et_pb_column][\/et_pb_row][\/et_pb_section]<\/p>\n","protected":false},"excerpt":{"rendered":"","protected":false},"author":1,"featured_media":0,"parent":0,"menu_order":200,"comment_status":"closed","ping_status":"closed","template":"","meta":{"_et_pb_use_builder":"on","_et_pb_old_content":"","_et_gb_content_width":"","footnotes":""},"class_list":["post-2019","page","type-page","status-publish","hentry"],"yoast_head":"<!-- This site is optimized with the Yoast SEO Premium plugin v27.5 (Yoast SEO v27.5) - https:\/\/yoast.com\/product\/yoast-seo-premium-wordpress\/ -->\n<title>Votre partenaire pour les lasers Lasag : Felastec GmbH<\/title>\n<meta name=\"description\" content=\"Outre la vente de lasers Lasag, nous vous proposons \u00e9galement les services suivants : R\u00e9paration, pi\u00e8ces de rechange, service et formation\" \/>\n<meta name=\"robots\" content=\"index, follow, max-snippet:-1, max-image-preview:large, max-video-preview:-1\" \/>\n<link rel=\"canonical\" href=\"https:\/\/felastec.ch\/fr\/impression\/\" \/>\n<meta property=\"og:locale\" content=\"fr_FR\" \/>\n<meta property=\"og:type\" content=\"article\" \/>\n<meta property=\"og:title\" content=\"Protection des donn\u00e9es\" \/>\n<meta property=\"og:description\" content=\"Outre la vente de lasers Lasag, nous vous proposons \u00e9galement les services suivants : R\u00e9paration, pi\u00e8ces de rechange, service et formation\" \/>\n<meta property=\"og:url\" content=\"https:\/\/felastec.ch\/fr\/impression\/\" \/>\n<meta property=\"og:site_name\" content=\"Felastec GmbH\" \/>\n<meta property=\"article:modified_time\" content=\"2025-10-27T09:46:48+00:00\" \/>\n<meta name=\"twitter:card\" content=\"summary_large_image\" \/>\n<meta name=\"twitter:label1\" content=\"Dur\u00e9e de lecture estim\u00e9e\" \/>\n\t<meta name=\"twitter:data1\" content=\"1 minute\" \/>\n<script type=\"application\/ld+json\" class=\"yoast-schema-graph\">{\"@context\":\"https:\\\/\\\/schema.org\",\"@graph\":[{\"@type\":\"WebPage\",\"@id\":\"https:\\\/\\\/felastec.ch\\\/fr\\\/impression\\\/\",\"url\":\"https:\\\/\\\/felastec.ch\\\/fr\\\/impression\\\/\",\"name\":\"Votre partenaire pour les lasers Lasag : Felastec GmbH\",\"isPartOf\":{\"@id\":\"https:\\\/\\\/felastec.ch\\\/fr\\\/#website\"},\"datePublished\":\"2025-08-14T15:05:47+00:00\",\"dateModified\":\"2025-10-27T09:46:48+00:00\",\"description\":\"Outre la vente de lasers Lasag, nous vous proposons \u00e9galement les services suivants : R\u00e9paration, pi\u00e8ces de rechange, service et formation\",\"breadcrumb\":{\"@id\":\"https:\\\/\\\/felastec.ch\\\/fr\\\/impression\\\/#breadcrumb\"},\"inLanguage\":\"fr-FR\",\"potentialAction\":[{\"@type\":\"ReadAction\",\"target\":[\"https:\\\/\\\/felastec.ch\\\/fr\\\/impression\\\/\"]}]},{\"@type\":\"BreadcrumbList\",\"@id\":\"https:\\\/\\\/felastec.ch\\\/fr\\\/impression\\\/#breadcrumb\",\"itemListElement\":[{\"@type\":\"ListItem\",\"position\":1,\"name\":\"Startseite\",\"item\":\"https:\\\/\\\/felastec.ch\\\/fr\\\/\"},{\"@type\":\"ListItem\",\"position\":2,\"name\":\"Protection des donn\u00e9es\"}]},{\"@type\":\"WebSite\",\"@id\":\"https:\\\/\\\/felastec.ch\\\/fr\\\/#website\",\"url\":\"https:\\\/\\\/felastec.ch\\\/fr\\\/\",\"name\":\"Felastec\",\"description\":\"Laser Applications &amp; Services\",\"publisher\":{\"@id\":\"https:\\\/\\\/felastec.ch\\\/fr\\\/#organization\"},\"potentialAction\":[{\"@type\":\"SearchAction\",\"target\":{\"@type\":\"EntryPoint\",\"urlTemplate\":\"https:\\\/\\\/felastec.ch\\\/fr\\\/?s={search_term_string}\"},\"query-input\":{\"@type\":\"PropertyValueSpecification\",\"valueRequired\":true,\"valueName\":\"search_term_string\"}}],\"inLanguage\":\"fr-FR\"},{\"@type\":\"Organization\",\"@id\":\"https:\\\/\\\/felastec.ch\\\/fr\\\/#organization\",\"name\":\"Felastec GmbH\",\"url\":\"https:\\\/\\\/felastec.ch\\\/fr\\\/\",\"logo\":{\"@type\":\"ImageObject\",\"inLanguage\":\"fr-FR\",\"@id\":\"https:\\\/\\\/felastec.ch\\\/fr\\\/#\\\/schema\\\/logo\\\/image\\\/\",\"url\":\"https:\\\/\\\/felastec.ch\\\/wp-content\\\/uploads\\\/felastec_logo_rgb.png\",\"contentUrl\":\"https:\\\/\\\/felastec.ch\\\/wp-content\\\/uploads\\\/felastec_logo_rgb.png\",\"width\":2362,\"height\":631,\"caption\":\"Felastec GmbH\"},\"image\":{\"@id\":\"https:\\\/\\\/felastec.ch\\\/fr\\\/#\\\/schema\\\/logo\\\/image\\\/\"}}]}<\/script>\n<!-- \/ Yoast SEO Premium plugin. -->","yoast_head_json":{"title":"Votre partenaire pour les lasers Lasag : Felastec GmbH","description":"Outre la vente de lasers Lasag, nous vous proposons \u00e9galement les services suivants : R\u00e9paration, pi\u00e8ces de rechange, service et formation","robots":{"index":"index","follow":"follow","max-snippet":"max-snippet:-1","max-image-preview":"max-image-preview:large","max-video-preview":"max-video-preview:-1"},"canonical":"https:\/\/felastec.ch\/fr\/impression\/","og_locale":"fr_FR","og_type":"article","og_title":"Protection des donn\u00e9es","og_description":"Outre la vente de lasers Lasag, nous vous proposons \u00e9galement les services suivants : R\u00e9paration, pi\u00e8ces de rechange, service et formation","og_url":"https:\/\/felastec.ch\/fr\/impression\/","og_site_name":"Felastec GmbH","article_modified_time":"2025-10-27T09:46:48+00:00","twitter_card":"summary_large_image","twitter_misc":{"Dur\u00e9e de lecture estim\u00e9e":"1 minute"},"schema":{"@context":"https:\/\/schema.org","@graph":[{"@type":"WebPage","@id":"https:\/\/felastec.ch\/fr\/impression\/","url":"https:\/\/felastec.ch\/fr\/impression\/","name":"Votre partenaire pour les lasers Lasag : Felastec GmbH","isPartOf":{"@id":"https:\/\/felastec.ch\/fr\/#website"},"datePublished":"2025-08-14T15:05:47+00:00","dateModified":"2025-10-27T09:46:48+00:00","description":"Outre la vente de lasers Lasag, nous vous proposons \u00e9galement les services suivants : R\u00e9paration, pi\u00e8ces de rechange, service et formation","breadcrumb":{"@id":"https:\/\/felastec.ch\/fr\/impression\/#breadcrumb"},"inLanguage":"fr-FR","potentialAction":[{"@type":"ReadAction","target":["https:\/\/felastec.ch\/fr\/impression\/"]}]},{"@type":"BreadcrumbList","@id":"https:\/\/felastec.ch\/fr\/impression\/#breadcrumb","itemListElement":[{"@type":"ListItem","position":1,"name":"Startseite","item":"https:\/\/felastec.ch\/fr\/"},{"@type":"ListItem","position":2,"name":"Protection des donn\u00e9es"}]},{"@type":"WebSite","@id":"https:\/\/felastec.ch\/fr\/#website","url":"https:\/\/felastec.ch\/fr\/","name":"Felastec","description":"Laser Applications &amp; Services","publisher":{"@id":"https:\/\/felastec.ch\/fr\/#organization"},"potentialAction":[{"@type":"SearchAction","target":{"@type":"EntryPoint","urlTemplate":"https:\/\/felastec.ch\/fr\/?s={search_term_string}"},"query-input":{"@type":"PropertyValueSpecification","valueRequired":true,"valueName":"search_term_string"}}],"inLanguage":"fr-FR"},{"@type":"Organization","@id":"https:\/\/felastec.ch\/fr\/#organization","name":"Felastec GmbH","url":"https:\/\/felastec.ch\/fr\/","logo":{"@type":"ImageObject","inLanguage":"fr-FR","@id":"https:\/\/felastec.ch\/fr\/#\/schema\/logo\/image\/","url":"https:\/\/felastec.ch\/wp-content\/uploads\/felastec_logo_rgb.png","contentUrl":"https:\/\/felastec.ch\/wp-content\/uploads\/felastec_logo_rgb.png","width":2362,"height":631,"caption":"Felastec GmbH"},"image":{"@id":"https:\/\/felastec.ch\/fr\/#\/schema\/logo\/image\/"}}]}},"_links":{"self":[{"href":"https:\/\/felastec.ch\/fr\/wp-json\/wp\/v2\/pages\/2019","targetHints":{"allow":["GET"]}}],"collection":[{"href":"https:\/\/felastec.ch\/fr\/wp-json\/wp\/v2\/pages"}],"about":[{"href":"https:\/\/felastec.ch\/fr\/wp-json\/wp\/v2\/types\/page"}],"author":[{"embeddable":true,"href":"https:\/\/felastec.ch\/fr\/wp-json\/wp\/v2\/users\/1"}],"replies":[{"embeddable":true,"href":"https:\/\/felastec.ch\/fr\/wp-json\/wp\/v2\/comments?post=2019"}],"version-history":[{"count":6,"href":"https:\/\/felastec.ch\/fr\/wp-json\/wp\/v2\/pages\/2019\/revisions"}],"predecessor-version":[{"id":2201,"href":"https:\/\/felastec.ch\/fr\/wp-json\/wp\/v2\/pages\/2019\/revisions\/2201"}],"wp:attachment":[{"href":"https:\/\/felastec.ch\/fr\/wp-json\/wp\/v2\/media?parent=2019"}],"curies":[{"name":"wp","href":"https:\/\/api.w.org\/{rel}","templated":true}]}}

Protection des données

<!-- This site is optimized with the Yoast SEO Premium plugin v27.5 (Yoast SEO v27.5) - https://yoast.com/product/yoast-seo-premium-wordpress/ -->
<title>Votre partenaire pour les lasers Lasag : Felastec GmbH</title>
<meta name="description" content="Outre la vente de lasers Lasag, nous vous proposons également les services suivants : Réparation, pièces de rechange, service et formation" />
<meta name="robots" content="index, follow, max-snippet:-1, max-image-preview:large, max-video-preview:-1" />
<link rel="canonical" href="https://felastec.ch/fr/impression/" />
<meta property="og:locale" content="fr_FR" />
<meta property="og:type" content="article" />
<meta property="og:title" content="Protection des données" />
<meta property="og:description" content="Outre la vente de lasers Lasag, nous vous proposons également les services suivants : Réparation, pièces de rechange, service et formation" />
<meta property="og:url" content="https://felastec.ch/fr/impression/" />
<meta property="og:site_name" content="Felastec GmbH" />
<meta property="article:modified_time" content="2025-10-27T09:46:48+00:00" />
<meta name="twitter:card" content="summary_large_image" />
<meta name="twitter:label1" content="Durée de lecture estimée" />
	<meta name="twitter:data1" content="1 minute" />
<script type="application/ld+json" class="yoast-schema-graph">{"@context":"https:\/\/schema.org","@graph":[{"@type":"WebPage","@id":"https:\/\/felastec.ch\/fr\/impression\/","url":"https:\/\/felastec.ch\/fr\/impression\/","name":"Votre partenaire pour les lasers Lasag : Felastec GmbH","isPartOf":{"@id":"https:\/\/felastec.ch\/fr\/#website"},"datePublished":"2025-08-14T15:05:47+00:00","dateModified":"2025-10-27T09:46:48+00:00","description":"Outre la vente de lasers Lasag, nous vous proposons également les services suivants : Réparation, pièces de rechange, service et formation","breadcrumb":{"@id":"https:\/\/felastec.ch\/fr\/impression\/#breadcrumb"},"inLanguage":"fr-FR","potentialAction":[{"@type":"ReadAction","target":["https:\/\/felastec.ch\/fr\/impression\/"]}]},{"@type":"BreadcrumbList","@id":"https:\/\/felastec.ch\/fr\/impression\/#breadcrumb","itemListElement":[{"@type":"ListItem","position":1,"name":"Startseite","item":"https:\/\/felastec.ch\/fr\/"},{"@type":"ListItem","position":2,"name":"Protection des données"}]},{"@type":"WebSite","@id":"https:\/\/felastec.ch\/fr\/#website","url":"https:\/\/felastec.ch\/fr\/","name":"Felastec","description":"Laser Applications &amp; Services","publisher":{"@id":"https:\/\/felastec.ch\/fr\/#organization"},"potentialAction":[{"@type":"SearchAction","target":{"@type":"EntryPoint","urlTemplate":"https:\/\/felastec.ch\/fr\/?s={search_term_string}"},"query-input":{"@type":"PropertyValueSpecification","valueRequired":true,"valueName":"search_term_string"}}],"inLanguage":"fr-FR"},{"@type":"Organization","@id":"https:\/\/felastec.ch\/fr\/#organization","name":"Felastec GmbH","url":"https:\/\/felastec.ch\/fr\/","logo":{"@type":"ImageObject","inLanguage":"fr-FR","@id":"https:\/\/felastec.ch\/fr\/#\/schema\/logo\/image\/","url":"https:\/\/felastec.ch\/wp-content\/uploads\/felastec_logo_rgb.png","contentUrl":"https:\/\/felastec.ch\/wp-content\/uploads\/felastec_logo_rgb.png","width":2362,"height":631,"caption":"Felastec GmbH"},"image":{"@id":"https:\/\/felastec.ch\/fr\/#\/schema\/logo\/image\/"}}]}</script>
<!-- / Yoast SEO Premium plugin. -->

Outre la vente de lasers Lasag, nous vous proposons également les services suivants : Réparation, pièces de rechange, service et formation
